23314
In base 7, what is 16 + -321633?
-321614
In base 4, what is 111122 + 1123?
112311
In base 8, what is 142 - -207?
351
In base 8, what is -1531745 - 0?
-1531745
In base 13, what is 2b4 - -184?
468
In base 8, what is -1065412 + -1?
-1065413
In base 16, what is 559bb - 9?
559b2
In base 15, what is 14d26 + 3d?
14d64
In base 13, what is 3584 - 17c?
3405
In base 13, what is 1 - -47c2a6?
47c2a7
In base 16, what is e - -112e?
113c
In base 4, what is -1 + -3321103?
-3321110
In base 14, what is -1107c - -5?
-11077
In base 3, what is 202211 - 1012120?
-102202
In base 9, what is 1 - 721006?
-721005
In base 13, what is -93 + -6a21?
-6ab4
In base 16, what is -5 + 1c1?
1bc
In base 9, what is -21242 + 21?
-21221
In base 14, what is 3846 - 8?
383c
In base 14, what is -1c80 - 34?
-1cb4
In base 7, what is 430 - 105?
322
In base 4, what is -232013101 + -100?
-232013201
In base 16, what is 0 - a3a65?
-a3a65
In base 16, what is -3 + -7be85?
-7be88
In base 11, what is -15 - 26985?
-2699a
In base 7, what is -2144200 + 0?
-2144200
In base 16, what is -3bc + -10?
-3cc
In base 7, what is 3 + -45260?
-45254
In base 7, what is 5 + -22213?
-22205
In base 2, what is -11111 + -1110010010000?
-1110010101111
In base 3, what is 2001100200 + -2?
2001100121
In base 2, what is 111110000101101001010 + -1?
111110000101101001001
In base 9, what is -125 - -106?
-18
In base 8, what is -340 + 236?
-102
In base 3, what is -11120 + 12011?
121
In base 16, what is -2137 + -23?
-215a
In base 4, what is 0 + 2332131011?
2332131011
In base 12, what is -5 - 52b50b?
-52b514
In base 8, what is -13004 - 5?
-13011
In base 9, what is 304 - 313?
-8
In base 6, what is -40312 - -1051?
-35221
In base 15, what is -3b93 + -8?
-3b9b
In base 4, what is -3100302 - 11?
-3100313
In base 4, what is -2 - -12312?
12310
In base 11, what is 3136 + 5?
3140
In base 14, what is -5 + dc542?
dc53b
In base 15, what is 4688 - -2?
468a
In base 11, what is -4 - -7990a4?
7990a0
In base 14, what is -3 + c4?
c1
In base 7, what is -60 + -44650?
-45040
In base 9, what is -1317 + -72?
-1400
In base 5, what is -10 - 111310?
-111320
In base 12, what is 14 + -262b?
-2617
In base 13, what is -6c6 + 127?
-59c
In base 16, what is -7 + 15b8?
15b1
In base 7, what is 5 + -3550115?
-3550110
In base 4, what is 2121 + 2010?
10131
In base 12, what is -3 + 1a14?
1a11
In base 10, what is 4 + 58692?
58696
In base 9, what is 45 + -1055?
-1010
In base 13, what is -7 + 375b3?
375a9
In base 6, what is -3144 + -31055?
-34243
In base 10, what is -11 + -2150?
-2161
In base 4, what is -31 + 1110322321?
1110322230
In base 14, what is -65c88 - -4?
-65c84
In base 15, what is -78 + 334b?
32c3
In base 14, what is -5 + -2c04?
-2c09
In base 10, what is -3871 + 6?
-3865
In base 7, what is -154 + 4663?
4506
In base 10, what is -978 + 9?
-969
In base 8, what is 0 + -1631?
-1631
In base 13, what is -447 - 2b?
-475
In base 2, what is 1011000100011 - -110?
1011000101001
In base 10, what is 4 - 166417?
-166413
In base 5, what is 0 + 22212?
22212
In base 15, what is 860a37 + -5?
860a32
In base 6, what is -23 - -422325?
422302
In base 14, what is 4 + -6018?
-6014
In base 6, what is 242552 - 3?
242545
In base 11, what is -27 + 1a9a?
1a73
In base 2, what is 1000000101 - 1111?
111110110
In base 15, what is 58 + -2134?
-20cb
In base 4, what is -200 - 12013?
-12213
In base 15, what is -66 - -1b1?
14a
In base 6, what is -13041 + -430?
-13511
In base 4, what is 10 - -10321002?
10321012
In base 7, what is -53 + -1?
-54
In base 7, what is 4 - 432141?
-432134
In base 11, what is 6250 + 19?
6269
In base 16, what is -1a7 - 76?
-21d
In base 3, what is 22011210002 + 12?
22011210021
In base 2, what is 10110000111 - -10010111?
11000011110
In base 13, what is 1022 - -8?
102a
In base 11, what is 11 - -18620?
18631
In base 6, what is 1 - 2354120?
-2354115
In base 12, what is -11 - 55864?
-55875
In base 13, what is -433c6 + 3?
-433c3
In base 3, what is 12011222 + -10?
12011212
In base 12, what is -26107 + 0?
-26107
In base 14, what is -11 - 4ba7?
-4bb8
In base 9, what is -15 - 12180?
-12205
In base 11, what is -9264 + 2?
-9262
In base 4, what is -11 + 31022021?
31022010
In base 14, what is 214c6 - 5?
214c1
In base 10, what is 4 - -34590?
34594
In base 3, what is 2 - -121121101212?
121121101221
In base 10, what is 76 + -22?
54
In base 8, what is -4304 + 6?
-4276
In base 8, what is -26 + -3727?
-3755
In base 11, what is -28 + -4251?
-4279
In base 10, what is -6302 - 2?
-6304
In base 6, what is 143 - 155150?
-155003
In base 2, what is -1110101000110101111001 + -10?
-1110101000110101111011
In base 15, what is 5 + 9?
e
In base 4, what is -121 - -133121?
133000
In base 15, what is 5 - 1344d?
-13448
In base 16, what is -147 + 15d?
16
In base 13, what is 2033 + 54?
2087
In base 15, what is -118eb + 39?
-118b2
In base 13, what is -11 + 212b3?
212a2
In base 3, what is -10011 + 111?
-2200
In base 14, what is 18064a + 1?
18064b
In base 14, what is -8 - 40caa?
-40cb4
In base 16, what is -3 + 2989?
2986
In base 16, what is 7 - -7d53?
7d5a
In base 15, what is -42e5ba - 0?
-42e5ba
In base 9, what is 1316 - -1603?
3020
In base 10, what is 5 - -162989?
162994
In base 8, what is 2 + 251416?
251420
In base 10, what is -5 - -2657?
2652
In base 2, what is 1110001 + -11011000101001?
-11010110111000
In base 10, what is 5 - 415796?
-415791
In base 12, what is 4aa9 - 3?
4aa6
In base 13, what is 5 - -7146?
714b
In base 10, what is -33283 - 2?
-33285
In base 13, what is -b - 91c?
-92a
In base 2, what is -111011011101 + 10?
-111011011011
In base 5, what is -24 + 340103?
340024
In base 4, what is -10 + 23111202?
23111132
In base 13, what is 28 - 179?
-151
In base 15, what is -2c0c - 0?
-2c0c
In base 13, what is -92 + -104?
-196
In base 7, what is -1 - 11652545?
-11652546
In base 12, what is -4a7a4 + -2?
-4a7a6
In base 13, what is -6 - c74c?
-c755
In base 7, what is 62 - 130?
-35
In base 6, what is 35 + -2301?
-2222
In base 14, what is -2d992 + 4?
-2d98c
In base 4, what is 103010223 - 11?
103010212
In base 6, what is 3 + -25100?
-25053
In base 7, what is -140340 - -144?
-140163
In base 3, what is 11122010011 + -10?
11122010001
In base 10, what is -14 - -10260?
10246
In base 3, what is -12 + 111010220?
111010201
In base 2, what is 101010 - 100000101011?
-100000000001
In base 10, what is -55 - -34?
-21
In base 5, what is 11 - 1214230?
-1214214
In base 12, what is 7 - -1481?
1488
In base 16, what is 9 - 5ac6?
-5abd
In base 6, what is 3240202 - -2?
3240204
In base 7, what is -1 + 33152?
33151
In base 2, what is -10011001000000 + -1101011?
-10011010101011
In base 11, what is 551835 + -1?
551834
In base 5, what is 244140 + 104?
244244
In base 16, what is -75 - -9a18?
99a3
In base 12, what is 2751 + -3?
274a
In base 5, what is 2412 + -211?
2201
In base 9, what is 5 + 1020554?
1020560
In base 10, what is 5 - 184616?
-184611
In base 11, what is -74198 + 21?
-74177
In base 3, what is 1 + -2112100010?
-2112100002
In base 6, what is 130 - 15505?
-15335
In base 6, what is -130 - 410?
-540
In base 14, what is 4cb0 - 29?
4c85
In base 14, what is -10 + -7a2?
-7b2
In base 2, what is 10 + -101110111100000?
-101110111011110
In base 12, what is 6427a6 - 1?
6427a5
In base 3, what is 1011020210200 + -12?
1011020210111
In base 2, what is 100100 + -110100001011011?
-110100000110111
In base 10, what is 7 - 4296?
-4289
In base 14, what is -14 + 392?
37c
In base 6, what is -122511 + 54?
-122413
In base 4, what is 2320 + 3332?
12312
In base 2, what is -11101 + -10101000110011011?
-10101000110111000
In base 11, what is -5 - -244623?
244619
In base 9, what is 2658726 + 0?
2658726
In base 7, what is 11 - 1642033?
-1642022
In base 7, what is -110404 + -246?
-110653
In base 15, what is b57ed - 3?
b57ea
In base 5, what is -43 + 2024131?
2024033
In base 3, what is -10122 - -1100?
-2022
In base 3, what is -1001122 - 11122?
-1020021
In base 3, what is -120 - -11000010?
10222120
In base 10, what is 7377762 - 0?
7377762
In base 5, what is 4 - -143013?
143022
In base 14, what is -1 + -1d7?
-1d8
In base 11, what is -330718 + -4?
-330721
In base 15, what is 5 + -582e?
-5829
In base 3, what is -2112 + 2002001?
1222112
In base 4, what is -3 + 10312010?
10312001
In base 9, what is 22040 - 2?
22037
In base 7, what is 42 - 233?
-161
In base 5, what is 1 + 